13. Determine p(u).
30
Let o(q) be the first derivative of -4*q**3/3 - 54*q**2 + 9*q + 3922. Calculate o(-27).
9
Let p(x) = 25*x - 16. Let a(w) = -14*w + 8. Let c = -250 - -246. Let k(g) = c*p(g) - 7*a(g). What is k(7)?
-6
Let a(t) be the first derivative of -t**4/4 + 5*t**3/3 - 2*t**2 - 13*t + 8976. Calculate a(5).
-33
Let p(y) be the third derivative of -y**6/120 - 11*y**5/60 - 23*y**4/24 + y**3 - 2*y**2 + 319*y. Give p(-8).
-2
Suppose 0 = -3*s - 40 + 49. Let b(t) = t - 10. Let i(g) = g - 9. Let u(v) = s*i(v) - 2*b(v). Determine u(4).
-3
Let g be -5 + -5 + (-172)/(-4). Suppose g*j = 29*j + 20. Suppose 11*u + j = -6. Let i(l) = -2*l**3 - l**2 - l. Give i(u).
2
Let q(g) = -12*g**2 + 17*g - 2873*g**3 + 9 + 1448*g**3 + 1424*g**3. Determine q(-13).
-43
Let j(w) = 13*w**2 - w. Let b(u) = -676*u**2 - 9*u - 9. Let x be b(-1). Let t = x - -675. Determine j(t).
14
Suppose -21 = -2*b + 5. Suppose -2*i = -5*s - 15, 4*i + 2 = s - b. Let c(h) = 24*h + h**2 - 3 + 16*h - 34*h + 6. Determine c(i).
-2
Let u(d) = -63*d - 85. Let f(v) = v**2 + 32*v + 36. Let g(r) = -7*f(r) - 3*u(r). Calculate g(-5).
3
Let g(x) = 16*x**3 + 4*x**2 - 3*x - 6. Let f(c) = -17*c**3 - 3*c**2 + 2*c + 5. Suppose 0 = 12*t - 111 + 51. Let o(v) = t*f(v) + 4*g(v). Calculate o(1).
-21
Let u(k) = 2*k**2 + 23*k + 9. Suppose 4*s + 0*v + 48 = -4*v, 2*v - 20 = 2*s. Let l be u(s). Let r(h) = h - 1. Determine r(l).
-3
Suppose -36*r - 26*r - 486 = -8*r. Let l(v) = -v**3 - 9*v**2 - v. Give l(r).
9
Let m = -236 + 239. Suppose 3*y + 25 = -m*w - 2, 2*w = -y - 15. Let j(b) = -b**3 - 5*b**2 + 9*b + 4. Calculate j(w).
-14
Let n(b) = 23*b - 1. Suppose 0*k + s - 11 = -k, -4*k + 54 = -s. Let p(w) = -w**2 + 12*w + 12. Let i be p(k). Give n(i).
-24
Let m be 87/(-24) - -16*(-3)/128. Let v(p) = -p**2 - 9*p - 18. Calculate v(m).
2
Let t(d) be the second derivative of 1/6*d**3 + 7 + 1/20*d**5 - 5/6*d**4 + 5*d - 11/2*d**2. Give t(10).
-1
Let d(a) be the first derivative of 5/3*a**3 - 76 - a**2 + 1/4*a**4 + 0*a. Calculate d(-4).
24
Suppose -4*p = -t, -5*p + 3 = -t - t. Let n(f) = -f**2 - 6*f + 10. Let g be n(-7). Let y(v) = v + 0*v + 9*v**2 - 7*v**2 - v**3 + 2*v**g. What is y(p)?
0
Let u(g) = -346*g + 2078. Let q be u(6). Let x(k) = -2*k + 3. Give x(q).
-1
Let l(x) = x**3 - 4 + 6*x**2 + 2*x + 5 + 3. Let q be (0*(-3)/9)/1. Suppose 146*u - 157*u - 66 = q. Give l(u).
-8
Let w = -8314 + 8304. Let y(o) = 2*o**2 + 13*o + 21. Calculate y(w).
91
Let p(q) be the second derivative of q**4/24 + 2*q**3/3 + q**2/2 + q. Let d(x) be the first derivative of p(x). Let j = -42468 + 42468. Give d(j).
4
Let s(o) be the third derivative of -o**5/60 - o**4/2 - 5*o**3/6 + 945*o**2 + o + 1. What is s(-9)?
22
Let y(v) be the first derivative of -71 - 10*v + 4*v**2 + 1/3*v**3. What is y(-8)?
-10
Let t(v) be the first derivative of 1/4*v**4 + 24*v - 11/3*v**3 - 7*v**2 - 19. Give t(12).
0
Let s(f) = 28 - 81 - 1 - 22*f + 16*f - 26*f. Give s(-2).
10
Let y(m) = -m**2 - 6*m + 1. Suppose 0 = 16*d - 11*d - 95. Suppose -16*z - 219 = -d*z. Let j = 68 - z. What is y(j)?
6
Let n(f) = 2*f**2 + 18*f + 34. Suppose -c - 141 = -134. Let v be n(c). Let a(k) = -k**3 + 5*k**2 + 8*k - 7. Give a(v).
5
Let i(x) = x**2 + 50*x + 2. Let u(j) = 7*j. Let w(g) = i(g) - 8*u(g). Suppose -2*l = 5*h - 7*l - 15, 2*l + 6 = -3*h. Suppose h = -0*t + 2*t - 10. What is w(t)?
-3
Let n(q) = q**2 - 10*q - 4. Let b(y) = y**3 + 5*y - 2. Let v be b(-8). Let r = 563 + v. Determine n(r).
-13
Let u(j) be the first derivative of -j**4/24 + j**3/3 - 5*j**2/2 + 72. Let t(f) be the second derivative of u(f). Give t(-6).
8
Let n(q) = -5*q - 9. Let i(p) be the first derivative of -13*p**2 - 46*p + 61. Let o(b) = -2*i(b) + 11*n(b). Determine o(7).
-28
Let z(d) = 6 - 36*d**3 + 3 + d - 3 - 7 + 9*d**2 - 5*d**2. Give z(-1).
38
Let m = -6 + 14. Let w be (-416)/(-8) + -2 + 0. Let r be (-14)/56 - (0 - w/m). Let j(q) = -3*q + 6. Give j(r).
-12
Let n(x) = x + 4. Suppose 5*s - 17 = 3. Let l(i) = 4*i**3 - 7*i**2 + 6*i - 1. Let c be l(1). Suppose 3*k = -6, c*f = f - s*k - 13. What is n(f)?
-1
Suppose 5*h - 81 = -s, -30*h + 4*s = -32*h + 18. Let j(u) = -u**2 + 15*u + 27. Give j(h).
-7
Let s(z) = -6*z**2 - 93*z - 50. Let u be s(-15). Let n(b) be the first derivative of b**3/3 + 2*b**2 + b - 2. What is n(u)?
6
Let f(o) = o - 2. Let w(z) = 8*z**2 + 2*z + 7. Let q be w(-4). Let t = q + -128. Calculate f(t).
-3
Let b(m) = 3*m**2 - m + 5. Let y be 0*(7 - (-4 + 12))*2/(-2). Determine b(y).
5
Let k(c) = -2*c**2 - 9*c + 5. Let o(g) = 9*g + 160. Let m be o(-17). Suppose 0 - m = x. Calculate k(x).
-30
Let y(g) = 35 - 29 + 3*g - g. Suppose 2*j - 219*i = -221*i - 12, j - 3*i = -2. Give y(j).
-4
Suppose 0 = 2*z - 5*q - 28, 7*q + 762 - 716 = -4*z. Let k(d) = 5*d**2 - 11 + 12 + 0*d**2. Determine k(z).
6
Let s(z) = z**3 - 9*z**2 + z - 11. Let j(k) be the first derivative of -k**4/4 + k**3/3 + k**2/2 - k - 21. Let r be j(-2). What is s(r)?
-2
Let b(a) = -16*a + 11. Suppose 106 = -92*s + 198*s. Give b(s).
-5
Let c(l) = -l - 5. Let n(g) be the second derivative of -g**5/20 + 13*g**4/12 - 5*g**3/3 - 19*g**2/2 - 2*g + 25. Let h be n(12). Calculate c(h).
-10
Let q be (-13)/(130/(-160)) - 18. Let x(s) = -12*s + 5. Give x(q).
29
Let m(g) = 3*g - 68. Let q = 114 - 90. Let i be m(q). Let f(v) be the first derivative of v**2/2 - 5. Calculate f(i).
4
Suppose 17*p - 18*p = -3. Let l(j) = 5 + 2*j**3 - 4 - 2*j**2 - 8*j**p. Suppose 0 = -4*i - t + 3*t - 14, 5*i = -5*t + 20. Determine l(i).
5
Let j(g) be the second derivative of -g**4/12 + 7*g**3/6 - 5*g**2/2 - 51*g. Let k(b) = -b + 1. Let u(x) = -j(x) + 2*k(x). Calculate u(7).
-7
Let p = 34942/3 - 11647. Let n(o) be the first derivative of -o - 1/2*o**2 + p*o**3 - 3. What is n(-4)?
19
Suppose -6*g + 4*g - 2 = 0. Let j(r) be the second derivative of -r**5/10 - r**4/12 + r**2/2 - r - 185. Calculate j(g).
2
Let j(r) = -2*r**2 - 21*r + 76. Let x = -5617 - -5603. Determine j(x).
-22
Let o be (-1)/(-5) - 76/(-20). Let p(b) = 7*b**2 - 63*b - 7. Let m(v) = 4*v**2 - 37*v - 4. Let g(k) = -5*m(k) + 3*p(k). Give g(o).
-1
Let i = 369 + -385. Let c be -5 + (i - -16)/(2 - 3). Let s(u) = -u**3 - 4*u**2 - 4*u - 7. Determine s(c).
38
Let l be (-1 + 1)*(-7)/(-21)*1. Suppose -y + 1 + 11 = -3*s, l = -3*y + 9. Let o(n) = -2*n**2 - 6*n - 2. Determine o(s).
-2
Let i(x) be the second derivative of 1/6*x**3 + 116*x + 1/6*x**4 + 0 - 2*x**2. Calculate i(-2).
2
Let r(j) = 5*j**2 + 2*j - 11. Let t(x) = -x**2 + x + 1. Let h(k) = r(k) + 6*t(k). Let g be h(6). Let f(p) = 27*p - 9*p - g - 17*p. Determine f(0).
-7
Let g(q) be the third derivative of -q**5/60 - q**4/6 - 11*q**3/6 + 2017*q**2. Calculate g(-7).
-32
Let z(c) be the second derivative of c**5/10 + c**4/12 - c**3/3 - 3*c**2 + 139*c + 1. Give z(0).
-6
Let h(p) = p**3 + 8*p**2 + 16*p + 18. Suppose -5*t = -2*n + 16, 170*t - 173*t - 11 = -n. What is h(t)?
-6
Let o(b) be the first derivative of 3*b**4/2 - 2*b**3 + 31*b**2/2 - 17*b - 46. Let f(j) = 2*j**3 - 2*j**2 + 11*j - 6. Let n(a) = 17*f(a) - 6*o(a). Give n(2).
-6
Let s(a) = -a**2 - 12*a + 63. Let d = -7955 + 7939. Calculate s(d).
-1
Let p(y) be the first derivative of 10*y - 37 - 1/2*y**2 + 2*y**3 + 1/4*y**4. Give p(-6).
16
Let m(y) = 3*y**3 + 17*y**2 - 24*y. Let x(w) = 10*w**3 + 49*w**2 - 73*w + 1. Let o(j) = -7*m(j) + 2*x(j). What is o(-22)?
2
Let y(z) be the second derivative of -z**3/2 + z**2 - 82*z - 1. Suppose 0 = t + 3*t - j - 33, -5*t = -4*j - 33. Let g = t - 15. Give y(g).
20
Let v(x) = x**3 - 5*x**2 - 3*x - 6. Let u(f) = f**3 + 11*f**2 - 14*f - 16. Let o be u(-12). Let z be (-1)/((-3)/(o*3)). Let s be (6/z)/(-3) + 25/4. Give v(s).
12
Let j(c) = -2*c**3 + 25*c**2 + 13*c + 1. Let q = -351 + 364. Give j(q).
1
Let b(y) = -y + 12. Let p = 3557 - 3557. Give b(p).
12
Let f(y) = -4*y + 128. Let a be f(31). Let x(j) = -63*j + 35*j - a + 26*j. What is x(-7)?
10
Let h(y) = -9*y + 5. Let n(a) = -13*a + 4. Let o(s) = -4*h(s) + 3*n(s). Determine o(-6).
10
Let z(j) = 10*j**3 + 45*j**2 + 26*j - 97. Let h(g) = 3*g**3 + 15*g**2 + 7*g - 32. Let f(m) = -13*h(m) + 4*z(m). Give f(14).
14
Let z(n) = 7*n**3 - 3*n**2 + n - 2. Let x(m) = -5*m**3 + m**2 - m + 2. Let d(u) = -u - 5. Let q be d(-9). Let o(w) = q*x(w) + 3*z(w). Calculate o(4).
-18
Suppose 2*s = 3*s. Let o(r) = 38067 - r - 19031 - 19035. Calculate o(s).
1
Let i(c) be 